 = -k. What is the units digit of k?
4
Suppose 652 = -0*k + 4*k + 4*l, 4*k + 2*l - 656 = 0. Suppose 0 = -2*p - 2*a + 3*a + 22, -p + 8 = -2*a. What is the tens digit of k/4 - p/48?
4
Suppose h + 838 = 3*p + 250, -2*h - 396 = -2*p. Let s be 5/2*(-152)/(-95). Suppose 167 = 3*z - s*c - 0*c, -3*c + p = 3*z. What is the tens digit of z?
6
Let t = -849 + 1198. What is the hundreds digit of t?
3
Let j(p) = p**2 - 19*p + 36. Let b be j(17). Suppose b*d + 1046 = 4*q, 4*d - 11 = -7. What is the hundreds digit of q?
2
What is the tens digit of 9930/14 - 40/140 - 2?
0
Let f = -208 + 698. What is the hundreds digit of f?
4
Let w be (8/(-5))/((-10)/400). Let n(u) = -u**3 - 13*u**2 - u - 6. Let f be n(-13). Let t = w - f. What is the tens digit of t?
5
Suppose 0 = -t - z + 375, 1115 = 3*t - 7*z + 8*z. What is the hundreds digit of t?
3
Suppose 0 = 2*q + f - 600, -7*q = q - 2*f - 2388. What is the units digit of q?
9
Suppose -406 = 6*c + 260. What is the units digit of -1 - c - (-2 + 1)?
1
Suppose -4*i - 2*l = -5617 - 2579, -2*i - 5*l = -4114. What is the thousands digit of i?
2
Let c(k) = k**3 - 15*k**2 + 16*k - 21. Let w be (0 - -1)/(1/14). Let q be c(w). Suppose 0 = -q*g + 4*g + 96. What is the tens digit of g?
3
Suppose 8*q - 6348 - 1956 = 0. What is the thousands digit of q?
1
Suppose -v - 2*l = -2510 - 363, -5773 = -2*v + 5*l. What is the hundreds digit of v?
8
Let x(a) = 6*a**2 + 7*a + 98. What is the hundreds digit of x(-7)?
3
Let g = 58 - 97. What is the tens digit of (-6812)/g + (12/9 - 1)?
7
What is the units digit of (-9 - (-254 + 0)) + (7 - 1)?
1
Suppose -3*i + i = 48. What is the tens digit of (i/60)/(1*(-1)/40)?
1
Let d be -480*(0 - (-4)/(-4)). Suppose 5*x = 2*x + d. What is the hundreds digit of x?
1
What is the hundreds digit of 39/(-15) + 2 - (-4818)/30?
1
Let y(b) = b + 5 - 9 + 5 + b**2. Let j be y(-2). What is the units digit of (-4)/12 + 49/j?
6
Suppose -5*s = 5*j + 15, -5*j = -3*j - 4*s - 6. Let t(g) = 21*g**3 - g**2 - g. Let v be t(j). Let w = 101 + v. What is the tens digit of w?
8
Suppose 13 = -3*b + 2*p + 33, -5*p = 2*b + 12. Suppose 380 = b*o + 5*t, 2*o - 2*t = -6*t + 196. What is the units digit of o?
0
Let h(r) = -4*r**3 - 66*r**2 - 4*r - 40. What is the tens digit of h(-17)?
0
Suppose -b = 5*b + 420. Let y = b - -266. What is the units digit of y?
6
Let h be 7*(3 - 68/28). Suppose -s + 2*j - 11 = -39, -128 = -4*s + h*j. What is the units digit of s/(-30)*(-10)/3?
4
Let b = -2631 - -5601. What is the hundreds digit of b?
9
Suppose -c - z = c - 199, -2*z = -4*c + 418. Let u be c/17 - 1*2. Suppose 3*o + 5*s - 23 - 6 = 0, 60 = u*o - 4*s. What is the units digit of o?
3
Let j(r) = -r - 3. Let l be j(5). Let h(m) = -m - 1. What is the units digit of h(l)?
7
Let g = -8 - 0. Let v = g + 11. Suppose -v*l + 6 = -l. What is the units digit of l?
3
What is the hundreds digit of -122 - -112 - -684*1?
6
Let q(c) = c**3 + 12*c**2 - 9*c - 13. Let u be q(-10). Suppose 5*d - 3*w - u = 0, 0 = 2*w + 8. Suppose d = 3*h - 34. What is the tens digit of h?
2
Let g(x) = -6 - 4*x + 6*x**2 + 0 - 4 + 2*x**2. What is the units digit of g(-4)?
4
What is the tens digit of 12/(-10)*(-3 + (-155)/15)?
1
Let w be 1242/230 - ((-4)/(-10) - 0). Suppose -t + 66 = 5*z, -4*t + 18 = z - w*t. What is the tens digit of z?
1
Suppose -3*s = -4*o - 1067, 4*s - 1440 = -0*s + o. What is the tens digit of s?
6
Let m be 3 - (9/3 - -1). Let k(z) = 4*z - 1. Let a be k(m). What is the units digit of ((-220)/(-6))/a*-3?
2
Let j(r) = -3*r**2 + 64*r - 14. What is the hundreds digit of j(14)?
2
Let v(t) = 3 + 1 - 2*t + t. Let h be v(3). Let l(s) = 31*s**2 - 3*s + 2. What is the tens digit of l(h)?
3
Suppose -4*j + 7 = -1. Suppose -3 = a - 2*k, 5*k + 17 = -5*a + j. What is the tens digit of 21*(-4)/9*a?
2
Let i(p) be the first derivative of -9*p**2 - 8*p + 12. Let l be i(-6). What is the tens digit of (-4)/(48/l)*-3?
2
Let l = -1143 + 1657. What is the tens digit of l?
1
Let l = 145 - -29. What is the hundreds digit of l?
1
Suppose 26*h - 16*h = 17360. What is the units digit of h?
6
Let o = 643 + 146. What is the units digit of o?
9
Let g be (-2)/8 + 372/16. Suppose -36 = 3*r + 2*t, r = -r - t - g. What is the tens digit of 46/3*(-15)/r?
2
Suppose -177*c - 3802 = -178*c. What is the thousands digit of c?
3
Suppose 7 = 4*m + i - 1, -24 = -4*m - 5*i. Suppose -14 = -d - 4. Let u = d - m. What is the units digit of u?
9
Let f(v) = -5*v + 7. Let t be f(5). Let a = t + 30. Suppose -a = -3*x - 0. What is the units digit of x?
4
Let z(r) = r**2 + 6*r + 8. Suppose -5*h - 25 = 5*g, 9*g - 3*h = 4*g - 33. Let y be -7 - (-3)/g*-2. What is the units digit of z(y)?
8
Let w = 157 + -84. Suppose -152 - w = -5*d. What is the tens digit of 1773/d - (-4)/(-10)?
3
Let r be ((-36)/(-10))/((-30)/(-100)). Suppose -8*k = -5*k - r. Suppose 0 = k*b + 4*n + 34 - 198, -n = -2*b + 79. What is the tens digit of b?
4
Let i = 37 - 32. Suppose 4*c + w = 1, 2 + 6 = i*c - w. What is the units digit of c?
1
Suppose -4 = -4*j + 4. Suppose -5*m = -i - 22, 4*i + 0*i - 2 = j*m. Suppose o + 3*o - 112 = i*q, -29 = -o + q. What is the tens digit of o?
2
Let i(v) = v**2 - 13*v + 1. Let p(d) = -d**2 + 6*d. Let x(n) = -2*i(n) - 5*p(n). What is the tens digit of x(5)?
5
Suppose -d - 826 = -3*h + 2263, 3*d = 5*h - 5151. What is the thousands digit of h?
1
Suppose -2*w + 0*z - 3*z + 962 = 0, 3*z + 1942 = 4*w. What is the units digit of w?
4
Let d(b) = b**3 - b**2 - b. Let z be d(4). Let p be (-2 - (2 - 3))*0. Suppose -2*g + 0*g + z = p. What is the units digit of g?
2
Suppose 5*f = 4*t - 23 + 111, 3*f - 54 = 3*t. What is the units digit of -16*f/12*-3?
4
Suppose 7 + 5 = -f. Let p = -9 - f. Let w = 29 + p. What is the tens digit of w?
3
Let u(l) = -13*l + 29. Let p = -82 + 78. What is the units digit of u(p)?
1
Let q = 27 - 22. Suppose -5 = q*f - t - 27, 0 = 5*f - 2*t - 24. Let l(d) = -d**3 + 6*d**2 - 7*d - 3. What is the units digit of l(f)?
1
Let v = -22 + 75. Suppose -i + v = 3*y, 2*y - 6 = -3*i + 132. Suppose i + 221 = 5*f. What is the units digit of f?
3
Suppose 21*i = 589 - 4243. Let b = i + 246. What is the tens digit of b?
7
Suppose -4*y = -a + 241, -5*a = -3*a + 3*y - 482. Let g = -139 + a. What is the tens digit of g?
0
Let z(d) = -d + 13. Let w be z(7). Suppose w = -4*u + 10. What is the units digit of 3*u/((-1)/(-21))?
3
Let o = 111 - -52. Suppose -3*g - 10 + o = 0. What is the units digit of g?
1
Let i be -3*(-2 + 174/9) - -3. Let h = i + 136. What is the tens digit of h?
8
Suppose -7364 = -2*x - 5*v, -v + 2 = -2*v. What is the thousands digit of x?
3
Let j be (-3 + 1)*40/(-16). Suppose j*v - 163 = 27. What is the tens digit of (4 - 7) + 1 + v?
3
Let q(j) = 2*j**3 + 2*j**2 + 6*j - 54. What is the hundreds digit of q(6)?
4
Let s be 2/((2/(-146))/(-1)). Let b = 318 - s. What is the tens digit of b?
7
Suppose -w - 14 = -0*j - 4*j, 3*w + j = 10. What is the units digit of 10472/42 + w/3?
0
Let s = 26 - 15. Suppose -34 - s = -3*p. What is the units digit of 4/(-10) + 216/p?
4
Suppose -2*o - 267 = -3*h + o, 2*h = -2*o + 182. Suppose 10*w - 1060 = -h. What is the units digit of w?
7
Suppose 0 = -5*b + 9*b + 28. Let l be ((-3 - 11) + -1)*b. Suppose 25*s - l = 20*s. What is the units digit of s?
1
Let a = -1205 + 1987. What is the units digit of a?
2
Let s(y) = y + 9. Let w be s(-5). What is the tens digit of 39/w + 17/68?
1
Let c be 42/(-9)*(-24)/28. Suppose -2*f - 9 - 13 = 0. What is the units digit of 48/(-7)*(c + f)?
8
Suppose -3*b = 1015 - 3358. Suppose 11*p - b = -0*p. What is the tens digit of p?
7
Let i(l) = 4*l - 7. Let k(t) = 2 - 4 + 9*t + 0*t**3 + t**3 - 4*t**2 - 5*t**2. Let c be k(8). What is the units digit of i(c)?
7
Suppose -4*z + 2481 = 5*n + 755, 16 = 4*z. What is the units digit of n?
2
Let q be (-1 + -2)*10/(-6). Let m(l) be the third derivative of l**5/30 + l**4/12 + l**3/2 - 14*l**2. What is the tens digit of m(q)?
6
Let y(o) = 2016*o - 30. What is the units digit of y(2)?
2
Let a = -12 + 13. Let q(p) = 10*p**2 + p - 1. Let c be q(a). What is the units digit of c/3 - (-10)/15?
4
Suppose -4*t + 5 = 5. Suppose 280 = 4*w + 3*p, -2*p + t*p = -5*w + 327. What is the tens digit of w?
6
Let w = -382 - -556. What is the tens digit of w?
7
Let k = -327 + 481. Let w = k - -116. What is the hundreds digit of w?
2
Let u